f and d?
16
Suppose 2*z - 2*l - 910 = 0, -4*z + 1675 = -5*l - 149. Calculate the greatest common divisor of 41 and z.
41
Let r be 356/3 + 3/9. Calculate the highest common divisor of r and 7.
7
Let k(l) = 2*l**2 - 8. Let m be k(7). Suppose 0*g - m = -3*g. Suppose -5*w = 2*o - g - 100, o - w - 72 = 0. Calculate the greatest common divisor of 28 and o.
14
Suppose -3*k = -2*k. Suppose k*t = 5*t - 360. What is the greatest common divisor of 12 and t?
12
Let i be (-5 - -2) + 0 + 12. Let s be i/(-15) + 228/5. Let g be (3/4)/(1/20). Calculate the greatest common factor of g and s.
15
Let x = -7 - -7. Suppose -4*g = x, -9 + 31 = j + g. What is the greatest common divisor of 11 and j?
11
Suppose -14*v = -11*v - 63. What is the greatest common divisor of 105 and v?
21
Let n(j) = 4*j - 2. Let p be n(-3). Let r(f) = 21*f**2. Let b be r(1). Let u = p + b. What is the highest common factor of 14 and u?
7
Suppose 5 - 1 = -p. Let i be p*4/24*-6. Let m(z) = -2*z - 2. Let y be m(-3). What is the highest common factor of y and i?
4
Let x = -543 + 767. What is the highest common factor of x and 32?
32
Let p be 3 - (-1 - (-2 + 1)). Suppose p*g - 45 = 63. Let t be (3*1/(-4))/((-16)/384). What is the highest common divisor of g and t?
18
Suppose b - 3*c = 3, -3*c + 5 + 4 = b. Let l = 8 - b. Calculate the highest common factor of 2 and l.
2
Let f(p) = -18*p**2 + 1. Let o be f(1). Let z = o - -27. Calculate the highest common factor of 20 and z.
10
Let l be 75 + 0/4 + -3. Calculate the highest common factor of l and 8.
8
Let s be 102/9 - 1/3. Let u(c) = c**3 + 5*c**2 - 7*c - 5. Let o = 0 + -6. Let y be u(o). What is the highest common factor of y and s?
1
Let x = -10 + 14. Let n = x + 1. Let p(o) = o**3 - 5*o**2 + 2*o + 4. Let d be p(n). Calculate the highest common factor of d and 2.
2
Let l be (-10)/(-6) + 0 - 12/(-9). Calculate the highest common divisor of l and 48.
3
Suppose 0 = -3*j - 9, -2*s + 0*j + j + 15 = 0. Let u be ((-30)/(-40))/(18/16)*6. Calculate the greatest common divisor of u and s.
2
Let s(l) = -10*l - 5. Let w be s(-6). Let m = w + -37. What is the highest common divisor of 27 and m?
9
Let l = 46 - 35. Calculate the highest common factor of l and 33.
11
Let x(d) = -3*d + d + 3 + 1 - 3*d + d**2. Let w be x(6). Let i(f) = 29*f**2 + 2*f - 1. Let u be i(1). Calculate the highest common divisor of u and w.
10
Let z be (44/5)/(2/20). Suppose 31 = 7*s - 3*s + g, s + 3*g - 5 = 0. What is the greatest common divisor of z and s?
8
Suppose -2*c + 4 = 0, -2*p = -7*p - 4*c - 12. Let v be ((-30)/(-4))/(-3)*p. What is the highest common divisor of 110 and v?
10
Suppose 2*o + 1 = 11, 30 = 5*x + 4*o. Suppose -5*w = x*r - 6 - 4, -w - 2 = 0. What is the highest common divisor of r and 10?
10
Let k = -60 + 67. What is the greatest common divisor of k and 7?
7
Suppose 3*n - 4*y = 4*n + 10, 0 = -n - y - 1. Suppose c + n*c - 15 = 0. Suppose c*g - 50 = -5. What is the highest common divisor of g and 99?
9
Suppose u - 152 - 2 = 0. What is the greatest common divisor of u and 22?
22
Let g be (-834)/21 + (-6)/21. Let v = 68 + g. Calculate the greatest common divisor of 14 and v.
14
Suppose -3*v = 5*d - 92 - 183, 2*v - 2*d - 178 = 0. Calculate the highest common divisor of 10 and v.
10
Suppose -2*q - 6*z + z = 14, 3*z = q - 15. Suppose -4*j = 2*c - 62, -26 + 131 = 5*j - q*c. What is the greatest common factor of j and 6?
6
Let q(r) = -16*r. Let a be q(-1). Calculate the highest common divisor of 2 and a.
2
Let s be 460/6*(15/10 + 0). What is the greatest common divisor of s and 23?
23
Let r = 33 - 14. Calculate the highest common factor of r and 95.
19
Suppose 0 = -3*y + 3*d + 9, 4*y + d - 1 = 1. What is the greatest common factor of y and 3?
1
Suppose -28*d - 168 = -31*d. Calculate the highest common divisor of d and 7.
7
Let h(x) = 3*x**2 + 4*x - 3. Let y be (6/(-4))/((-6)/8). Let s be h(y). Let p = -18 - -35. Calculate the highest common factor of s and p.
17
Suppose 4*c - 3*c - 26 = 0. Let j(f) = f**3 - 4*f**2 - 19*f. Let z be j(8). What is the highest common divisor of c and z?
26
Let n be 4/(-26) + (-1 - (-4725)/39). Calculate the greatest common factor of 30 and n.
30
Suppose 6 = 4*m - m. Let g(z) = -2*z**2 - 8*z + 6. Let k be g(-4). What is the highest common factor of k and m?
2
Let a(j) = -j**2 - 7*j + 2. Suppose -2*t = -t + 6. Let r be a(t). Let d be (-2)/(-1 + 18/20). What is the highest common factor of d and r?
4
Let g be 63 - (-2 - -5 - 4). Calculate the highest common factor of 16 and g.
16
Let n be ((-36)/30)/((-6)/(-40)). Let u = 13 + n. Suppose -96 = a - u*a. Calculate the highest common factor of a and 36.
12
Suppose -8*o + 112 = -4*o. Let l = -7 - -5. Let u(y) = 5*y**2 + 2*y - 2. Let b be u(l). What is the highest common divisor of b and o?
14
Suppose -2*p - 5*b = 2 + 12, 19 = p - 4*b. Suppose -2*j - 1 = p. Let m be (11/j)/((-2)/8). Calculate the greatest common factor of m and 11.
11
Suppose -5*c = 0, 4*v = -v + 4*c - 5. Let t(j) = -3*j**3 + j. Let o be t(v). Suppose 2*m - o = 98. What is the greatest common divisor of m and 20?
10
Let d = -2 + 0. Let g be (-1*3 - d)*-11. Suppose -67 = -3*j + h, 3*h - 6*h = -3*j + 69. What is the highest common factor of j and g?
11
Suppose -w - 11 = -4*q, w = -q - 2*q + 17. Suppose w*y - 5*h + 3*h - 280 = 0, 0 = -h. Calculate the greatest common divisor of 8 and y.
8
Suppose -3*s + 5*i + 3 + 11 = 0, -2*i = 4*s - 36. Let l be (-2)/s - 9/(-4). What is the highest common factor of l and 3?
1
Let w be ((-15)/5)/((-1)/(-9)). Let l = w + 49. Calculate the greatest common divisor of l and 55.
11
Suppose -3*s = -2*s - 7. Let n be (-1)/1 + 9*-2. Let h = 30 - n. Calculate the greatest common divisor of s and h.
7
Let n = -49 - -59. Calculate the greatest common divisor of 30 and n.
10
Let p be 6 - (2/(-2) - -2). What is the highest common divisor of p and 25?
5
Suppose -27 = c - 4*c - n, -2*c = -2*n - 10. Calculate the highest common factor of c and 24.
8
Suppose 5*f - 4*s + 106 = 283, 2*f + 5*s - 84 = 0. What is the highest common factor of 370 and f?
37
Suppose 8 = 44*g - 42*g. Calculate the greatest common factor of 6 and g.
2
Let o(m) = m**3 - m**2 - 2*m - 6. Let b be o(5). Let g be (2/4 - 0)*b. Calculate the highest common factor of 14 and g.
14
Suppose -b + 59 = 4*v, 2*b + 4*v + 319 = 7*b. Let d = b - 37. Calculate the highest common factor of d and 39.
13
Suppose -s = 2*s - 618. Suppose 3*i = -2*v + s, -7*i + 340 = -2*i + 5*v. Suppose -7*f + 88 = 18. What is the greatest common divisor of f and i?
10
Let w(l) = -3*l - 3 - 3*l - 3*l + 4*l. Let r be w(-2). Calculate the greatest common factor of 35 and r.
7
Let w(a) = -6*a - 17. Let d be w(-12). Let c = 11 + -47. Let r = -25 - c. What is the greatest common divisor of d and r?
11
Suppose -2*q + 0*q = 0. Suppose -4*t - 15 + 51 = q. Calculate the greatest common divisor of 27 and t.
9
Let s = 12 + -8. Suppose -5*g = 0, 2*o + 2*g - s = -0. Let z be ((-9)/(-6))/(o/48). What is the highest common divisor of z and 24?
12
Let z(k) = 20*k - 3. Let j be z(-5). Let b = j + 155. What is the greatest common divisor of b and 13?
13
Let r be (12 - 1)/(2/8). Let x = r + -20. What is the highest common divisor of 12 and x?
12
Let s be 1/3 + (-2096)/(-48). What is the greatest common divisor of s and 4?
4
Let m be (-28 + -2)*(-3)/9. Calculate the highest common divisor of 20 and m.
10
Suppose -8*w = -549 - 51. Calculate the highest common divisor of w and 30.
15
Let c be ((-4)/(-6))/(8/84). Suppose -f + c = -3. Calculate the highest common factor of f and 5.
5
Suppose -7 = 9*a - 10*a. What is the greatest common divisor of 35 and a?
7
Suppose 14 = -2*m + z, 2*z + z + 6 = -2*m. Suppose 3*r = r - 28. Let j = m - r. What is the highest common factor of 56 and j?
8
Suppose 2*t + 112 = -4*j, j = 4*t - 3*t - 25. Let p = -18 - j. What is the greatest common divisor of 81 and p?
9
Suppose 0 = 5*u - 0*y - 5*y - 695, -25 = -5*y. Let d = -64 - -128. Suppose 0 = -8*a + 4*a + d. Calculate the highest common divisor of u and a.
16
Let n(t) = -t**3 + 15*t**2 - 21*t + 11. Let v be n(9). Calculate the highest common divisor of 28 and v.
28
Let r(a) be the first derivative of -a**2 - 7*a - 4. Let c = -6 - -1. Let d be r(c). Calculate the greatest common factor of 15 and d.
3
Suppose 0*f = -5*f + 60. What